{"id":13,"date":"2025-06-23T06:15:56","date_gmt":"2025-06-23T06:15:56","guid":{"rendered":"https:\/\/nitziaquintero.com\/?page_id=13"},"modified":"2025-06-23T06:50:52","modified_gmt":"2025-06-23T06:50:52","slug":"seccion-2-sobre-mi","status":"publish","type":"page","link":"https:\/\/nitziaquintero.com\/?page_id=13","title":{"rendered":"Acerca de M\u00ed"},"content":{"rendered":"\n<div class=\"wp-block-cover alignfull is-light has-contrast-color has-text-color has-link-color wp-elements-502e9d00659633bc7dd6ebad4ac4957f\" style=\"margin-top:0;margin-bottom:0;padding-top:var(--wp--preset--spacing--60);padding-right:var(--wp--preset--spacing--50);padding-bottom:var(--wp--preset--spacing--60);padding-left:var(--wp--preset--spacing--50)\"><span aria-hidden=\"true\" class=\"wp-block-cover__background has-base-background-color has-background-dim-100 has-background-dim\"><\/span><div class=\"wp-block-cover__inner-container has-global-padding is-layout-constrained wp-container-core-cover-is-layout-873ee6b1 wp-block-cover-is-layout-constrained\">\n<div class=\"wp-block-columns alignwide is-layout-flex wp-container-core-columns-is-layout-7ee84d44 wp-block-columns-is-layout-flex\">\n<div class=\"wp-block-column is-layout-flow wp-block-column-is-layout-flow\" style=\"flex-basis:65%\">\n<div class=\"wp-block-group is-vertical is-content-justification-stretch is-layout-flex wp-container-core-group-is-layout-353c4f5a wp-block-group-is-layout-flex\">\n<h2 class=\"wp-block-heading has-text-align-left\" style=\"font-size:clamp(3.982rem, 3.982rem + ((1vw - 0.2rem) * 7.087), 8.5rem);font-style:normal;font-weight:300;letter-spacing:-0.03em;line-height:1.4\">Soy Nit,<\/h2>\n\n\n\n<p class=\"is-style-text-subtitle has-large-font-size is-style-text-subtitle--1\">Desde muy joven he sentido una conexi\u00f3n profunda con la belleza y la autoexpresi\u00f3n. Comenc\u00e9 mi camino profesional como cultora de belleza, form\u00e1ndome en estilismo, dise\u00f1o de imagen, maquillaje profesional y fotograf\u00eda.<\/p>\n\n\n\n<p class=\"has-large-font-size\">Hoy, como estudiante de&nbsp;<strong>Dise\u00f1o Digital en la UVM<\/strong>, combino mis talentos tradicionales con el arte visual moderno. Creo en el poder de proyectar qui\u00e9n eres por dentro, usando como veh\u00edculo la est\u00e9tica, el dise\u00f1o y el color.<\/p>\n\n\n\n<p class=\"is-style-text-subtitle has-large-font-size is-style-text-subtitle--2\">Mi misi\u00f3n es ayudarte a descubrir esa versi\u00f3n de ti que merece brillar con confianza, autenticidad y presencia.<\/p>\n<\/div>\n<\/div>\n\n\n\n<div class=\"wp-block-column is-layout-flow wp-block-column-is-layout-flow\" style=\"flex-basis:35%\">\n<div class=\"wp-block-group is-vertical is-content-justification-stretch is-nowrap is-layout-flex wp-container-core-group-is-layout-73b0033c wp-block-group-is-layout-flex\">\n<figure class=\"wp-block-image size-full\"><img loading=\"lazy\" decoding=\"async\" width=\"574\" height=\"1361\" src=\"https:\/\/nitziaquintero.com\/wp-content\/uploads\/2025\/06\/SobreMiNit-1.jpg\" alt=\"\" class=\"wp-image-33\" style=\"aspect-ratio:2\/3;object-fit:cover\" srcset=\"https:\/\/nitziaquintero.com\/wp-content\/uploads\/2025\/06\/SobreMiNit-1.jpg 574w, https:\/\/nitziaquintero.com\/wp-content\/uploads\/2025\/06\/SobreMiNit-1-127x300.jpg 127w, https:\/\/nitziaquintero.com\/wp-content\/uploads\/2025\/06\/SobreMiNit-1-432x1024.jpg 432w\" sizes=\"auto, (max-width: 574px) 100vw, 574px\" \/><\/figure>\n\n\n\n<p class=\"has-text-align-right has-x-large-font-size\" style=\"line-height:1.2\"><a href=\"#\">Instagram<\/a><br><a href=\"#\">LinkedIn<\/a><br><a href=\"#\">Now<\/a><\/p>\n<\/div>\n<\/div>\n<\/div>\n<\/div><\/div>\n","protected":false},"excerpt":{"rendered":"","protected":false},"author":1,"featured_media":0,"parent":0,"menu_order":0,"comment_status":"closed","ping_status":"closed","template":"","meta":{"footnotes":""},"class_list":["post-13","page","type-page","status-publish","hentry"],"_links":{"self":[{"href":"https:\/\/nitziaquintero.com\/index.php?rest_route=\/wp\/v2\/pages\/13","targetHints":{"allow":["GET"]}}],"collection":[{"href":"https:\/\/nitziaquintero.com\/index.php?rest_route=\/wp\/v2\/pages"}],"about":[{"href":"https:\/\/nitziaquintero.com\/index.php?rest_route=\/wp\/v2\/types\/page"}],"author":[{"embeddable":true,"href":"https:\/\/nitziaquintero.com\/index.php?rest_route=\/wp\/v2\/users\/1"}],"replies":[{"embeddable":true,"href":"https:\/\/nitziaquintero.com\/index.php?rest_route=%2Fwp%2Fv2%2Fcomments&post=13"}],"version-history":[{"count":5,"href":"https:\/\/nitziaquintero.com\/index.php?rest_route=\/wp\/v2\/pages\/13\/revisions"}],"predecessor-version":[{"id":34,"href":"https:\/\/nitziaquintero.com\/index.php?rest_route=\/wp\/v2\/pages\/13\/revisions\/34"}],"wp:attachment":[{"href":"https:\/\/nitziaquintero.com\/index.php?rest_route=%2Fwp%2Fv2%2Fmedia&parent=13"}],"curies":[{"name":"wp","href":"https:\/\/api.w.org\/{rel}","templated":true}]}}